n 1792824 is divided by 20.
4
What is the remainder when 1383061 is divided by 600?
61
Calculate the remainder when 201730 is divided by 145.
35
Calculate the remainder when 7550 is divided by 1810.
310
What is the remainder when 73943927 is divided by 1636?
1635
Calculate the remainder when 1015853 is divided by 9.
5
What is the remainder when 615277 is divided by 349?
339
Calculate the remainder when 5342859 is divided by 1068530.
209
What is the remainder when 2244357 is divided by 8767?
5
Calculate the remainder when 8155552 is divided by 11.
9
Calculate the remainder when 28703724 is divided by 9567906.
6
What is the remainder when 650220 is divided by 2013?
21
Calculate the remainder when 205039 is divided by 1024.
239
What is the remainder when 383897197 is divided by 12797?
12791
Calculate the remainder when 201084 is divided by 274.
242
What is the remainder when 719956 is divided by 179988?
4
What is the remainder when 3808224 is divided by 306?
54
Calculate the remainder when 335926 is divided by 20993.
38
Calculate the remainder when 65536 is divided by 1362.
160
What is the remainder when 276951250 is divided by 92317082?
4
What is the remainder when 53613 is divided by 53567?
46
What is the remainder when 1432008 is divided by 476909?
1281
Calculate the remainder when 6796253 is divided by 6796209.
44
What is the remainder when 3404022 is divided by 391?
367
What is the remainder when 361967 is divided by 32906?
1
What is the remainder when 28518227 is divided by 265?
252
Calculate the remainder when 37692477 is divided by 336.
333
What is the remainder when 56408 is divided by 3525?
8
What is the remainder when 461683529 is divided by 1257?
1256
What is the remainder when 236794 is divided by 90?
4
Calculate the remainder when 5725875 is divided by 2862902.
71
Calculate the remainder when 94363 is divided by 1225.
38
Calculate the remainder when 4042106 is divided by 899.
202
Calculate the remainder when 47142133 is divided by 23.
22
Calculate the remainder when 26721617 is divided by 1322.
31
What is the remainder when 2653741 is divided by 2750?
2741
Calculate the remainder when 104868 is divided by 51784.
1300
Calculate the remainder when 1547 is divided by 1544.
3
What is the remainder when 33400079 is divided by 87?
83
Calculate the remainder when 2890910 is divided by 160606.
2
Calculate the remainder when 237054 is divided by 63.
48
What is the remainder when 8781986 is divided by 95?
91
What is the remainder when 31435363 is divided by 58?
1
What is the remainder when 829716 is divided by 183?
177
Calculate the remainder when 2277266 is divided by 391.
82
What is the remainder when 20867298 is divided by 10433646?
6
What is the remainder when 860013 is divided by 940?
853
Calculate the remainder when 983971 is divided by 1092.
79
Calculate the remainder when 82446 is divided by 5785.
1456
Calculate the remainder when 55610949 is divided by 18536979.
12
Calculate the remainder when 636627 is divided by 8842.
3
What is the remainder when 121871 is divided by 8122?
41
Calculate the remainder when 1162 is divided by 1158.
4
What is the remainder when 51651 is divided by 48?
3
Calculate the remainder when 80851660 is divided by 64270.
0
What is the remainder when 4862 is divided by 1053?
650
Calculate the remainder when 919607 is divided by 22429.
18
Calculate the remainder when 1469745 is divided by 73.
36
Calculate the remainder when 18521 is divided by 3601.
516
Calculate the remainder when 17535082 is divided by 138.
112
Calculate the remainder when 12263611 is divided by 993.
61
Calculate the remainder when 178698974 is divided by 975.
974
What is the remainder when 235043 is divided by 325?
68
Calculate the remainder when 16724497 is divided by 1660.
1657
What is the remainder when 255194 is divided by 254080?
1114
What is the remainder when 1352544 is divided by 28775?
119
What is the remainder when 51514 is divided by 8559?
160
Calculate the remainder when 16345 is divided by 945.
280
Calculate the remainder when 175638 is divided by 339.
36
Calculate the remainder when 38168 is divided by 321.
290
Calculate the remainder when 3217602 is divided by 12.
6
What is the remainder when 32424856 is divided by 18?
16
What is the remainder when 157741 is divided by 12032?
1325
Calculate the remainder when 16940577 is divided by 993.
990
What is the remainder when 245765 is divided by 924?
905
Calculate the remainder when 245098 is divided by 190.
188
Calculate the remainder when 168567 is divided by 320.
247
What is the remainder when 16974585 is divided by 3394917?
0
Calculate the remainder when 1417944 is divided by 2659.
697
What is the remainder when 7467722 is divided by 113?
4
Calculate the remainder when 320920 is divided by 81.
79
Calculate the remainder when 394845 is divided by 203.
10
Calculate the remainder when 1152742 is divided by 383671.
1729
What is the remainder when 95197 is divided by 2177?
1586
What is the remainder when 7503257 is divided by 577171?
34
What is the remainder when 51072117 is divided by 792?
789
What is the remainder when 3543791 is divided by 306?
5
What is the remainder when 370439472 is divided by 5?
2
Calculate the remainder when 2265839 is divided by 6226.
5801
Calculate the remainder when 2755278 is divided by 1616.
1614
Calculate the remainder when 2591325 is divided by 1931.
1854
What is the remainder when 969751 is divided by 969378?
373
What is the remainder when 69382 is divided by 785?
302
Calculate the remainder when 10357290 is divided by 3354.
138
Calculate the remainder when 589583 is divided by 5364.
4907
What is the remainder when 60362686 is divided by 444?
442
What is the remainder when 2373669 is divided by 6398?
11
Calculate the remainder when 4015739 is divided by 3.
2
Calculate the remainder when 58480 is divided by 1105.
1020
Calculate the remainder when 1492566 is divided by 431.
13
Calculate the remainder when 524801 is divided by 5081.
1458
Calculate the remainder when 4305472 is divided by 133.
129
Calculate the remainder when 1641942 is divided by 799.
796
Calculate the remainder when 1191035062 is divided by 11058.
11056
What is the remainder when 371347 is divided by 53040?
67
What is the remainder when 141276 is divided by 1631?
1010
Calculate the remainder when 4260840 is divided by 426068.
160
Calculate the remainder when 35654881 is divided by 71.
30
What is the remainder when 1921587 is divided by 2010?
27
What is the remainder when 57476528 is divided by 3701?
3699
What is the remainder when 203640 is divided by 3615?
1200
What is the remainder when 6438576 is divided by 1213?
1185
Calculate the remainder when 775474 is divided by 121.
106
Calculate the remainder when 9945409 is divided by 52.
45
What is the remainder when 411140 is divided by 34258?
44
Calculate the remainder when 505007 is divided by 1521.
35
What is the remainder when 1364416598 is divided by 2584?
2582
Calculate the remainder when 534019 is divided by 3680.
419
Calculate the remainder when 6837375 is divided by 1139558.
27
Calculate the remainder when 66739 is divided by 594.
211
Calculate the remainder when 647932 is divided by 1187.
1017
What is the remainder when 1718794 is divided by 609?
196
What is the remainder when 12170691 is divided by 709?
706
What is the remainder when 414482 is divided by 94?
36
Calculate the remainder when 840756916 is divided by 74.
70
Calculate the remainder when 466226 is divided by 157.
93
Calculate the remainder when 25946169 is divided by 42.
39
What is the remainder when 5623552 is divided by 217?
214
What is the remainder when 47981 is divided by 696?
653
Calculate the remainder when 10464648 is divided by 3338.
18
What is the remainder when 45013711 is divided by 134?
29
What is the remainder when 3548104 is divided by 161277?
10
Calculate the remainder when 11919500 is divided by 4057.
34
What is the remainder when 24326 is divided by 7824?
854
What is the remainder when 503356 is divided by 1113?
280
Calculate the remainder when 4272502 is divided by 22602.
724
Calculate the remainder when 804397 is divided by 2285.
77
Calculate the remainder when 103130749 is divided by 140889.
1
Calculate the remainder when 27654053 is divided by 36.